 41
What are the prime factors of 1021?
1021
What are the prime factors of 3307?
3307
List the prime factors of 6836.
2, 1709
List the prime factors of 90688.
2, 13, 109
List the prime factors of 743.
743
What are the prime factors of 1570?
2, 5, 157
What are the prime factors of 8059?
8059
List the prime factors of 4510.
2, 5, 11, 41
List the prime factors of 110031.
3, 36677
List the prime factors of 9354.
2, 3, 1559
What are the prime factors of 24282?
2, 3, 19, 71
What are the prime factors of 71?
71
What are the prime factors of 694?
2, 347
What are the prime factors of 4529?
7, 647
What are the prime factors of 3199?
7, 457
List the prime factors of 50691.
3, 61, 277
What are the prime factors of 43429?
137, 317
List the prime factors of 3510.
2, 3, 5, 13
List the prime factors of 3056.
2, 191
What are the prime factors of 40362?
2, 3, 7, 31
List the prime factors of 63453.
3, 13, 1627
List the prime factors of 14259.
3, 7, 97
What are the prime factors of 93296?
2, 7, 17
List the prime factors of 21668.
2, 5417
List the prime factors of 3329.
3329
List the prime factors of 2862.
2, 3, 53
What are the prime factors of 495?
3, 5, 11
List the prime factors of 649.
11, 59
List the prime factors of 9019.
29, 311
What are the prime factors of 7676?
2, 19, 101
List the prime factors of 5929.
7, 11
List the prime factors of 1461.
3, 487
List the prime factors of 2393.
2393
What are the prime factors of 23784?
2, 3, 991
What are the prime factors of 5097?
3, 1699
What are the prime factors of 127836?
2, 3, 53, 67
What are the prime factors of 25085?
5, 29, 173
What are the prime factors of 7053?
3, 2351
List the prime factors of 12129.
3, 13, 311
List the prime factors of 2396.
2, 599
List the prime factors of 1473.
3, 491
List the prime factors of 12263.
12263
List the prime factors of 57048.
2, 3, 2377
What are the prime factors of 1199?
11, 109
List the prime factors of 824.
2, 103
List the prime factors of 45104.
2, 2819
What are the prime factors of 3035?
5, 607
What are the prime factors of 10550?
2, 5, 211
What are the prime factors of 17872?
2, 1117
What are the prime factors of 35224?
2, 7, 17, 37
What are the prime factors of 10751?
13, 827
List the prime factors of 3248.
2, 7, 29
List the prime factors of 51038.
2, 13, 151
List the prime factors of 367.
367
List the prime factors of 44656.
2, 2791
What are the prime factors of 15720?
2, 3, 5, 131
List the prime factors of 41368.
2, 5171
List the prime factors of 1156.
2, 17
List the prime factors of 3575.
5, 11, 13
List the prime factors of 18810.
2, 3, 5, 11, 19
What are the prime factors of 8519?
7, 1217
What are the prime factors of 96940?
2, 5, 37, 131
List the prime factors of 13022.
2, 17, 383
What are the prime factors of 3799?
29, 131
List the prime factors of 102075.
3, 5, 1361
List the prime factors of 533.
13, 41
What are the prime factors of 754?
2, 13, 29
What are the prime factors of 26449?
26449
What are the prime factors of 235?
5, 47
What are the prime factors of 59830?
2, 5, 31, 193
What are the prime factors of 117520?
2, 5, 13, 113
List the prime factors of 1406.
2, 19, 37
List the prime factors of 4848.
2, 3, 101
What are the prime factors of 34272?
2, 3, 7, 17
List the prime factors of 5959.
59, 101
List the prime factors of 11477.
23, 499
What are the prime factors of 388?
2, 97
List the prime factors of 89079.
3, 23, 1291
What are the prime factors of 3015?
3, 5, 67
What are the prime factors of 1420?
2, 5, 71
What are the prime factors of 114507?
3, 4241
List the prime factors of 3490.
2, 5, 349
List the prime factors of 610.
2, 5, 61
What are the prime factors of 25966?
2, 12983
List the prime factors of 113056.
2, 3533
What are the prime factors of 3340?
2, 5, 167
What are the prime factors of 879?
3, 293
List the prime factors of 482.
2, 241
What are the prime factors of 81727?
81727
List the prime factors of 29101.
29101
What are the prime factors of 2261?
7, 17, 19
What are the prime factors of 774?
2, 3, 43
What are the prime factors of 3508?
2, 877
What are the prime factors of 41213?
41213
List the prime factors of 15769.
13, 1213
What are the prime factors of 3332?
2, 7, 17
List the prime factors of 126998.
2, 63499
List the prime factors of 15893.
23, 691
List the prime factors of 8094.
2, 3, 19, 71
What are the prime factors of 25115?
5, 5023
List the prime factors of 615.
3, 5, 41
What are the prime factors of 1137?
3, 379
What are the prime factors of 87?
3, 29
List the prime factors of 26301.
3, 11, 797
List the prime factors of 4313.
19, 227
List the prime factors of 16814.
2, 7, 1201
What are the prime factors of 17006?
2, 11, 773
List the prime factors of 99193.
281, 353
What are the prime factors of 1593?
3, 59
What are the prime factors of 26245?
5, 29, 181
List the prime factors of 26667.
3, 2963
List the prime factors of 247.
13, 19
List the prime factors of 5415.
3, 5, 19
List the prime factors of 845.
5, 13
List the prime factors of 693.
3, 7, 11
List the prime factors of 170173.
167, 1019
What are the prime factors of 27041?
7, 3863
What are the prime factors of 30420?
2, 3, 5, 13
What are the prime factors of 12949?
23, 563
What are the prime factors of 8439?
3, 29, 97
List the prime factors of 4220.
2, 5, 211
What are the prime factors of 85?
5, 17
What are the prime factors of 11857?
71, 167
What are the prime factors of 12746?
2, 6373
What are the prime factors of 106122?
2, 3, 23, 769
What are the prime factors of 3259?
3259
List the prime factors of 5300.
2, 5, 53
List the prime factors of 1467.
3, 163
List the prime factors of 1295.
5, 7, 37
List the prime factors of 1699.
1699
What are the prime factors of 1559?
1559
What are the prime factors of 103503?
3, 34501
List the prime factors of 2334.
2, 3, 389
List the prime factors of 112476.
2, 3, 7, 13, 103
List the prime factors of 21247.
21247
List the prime factors of 1894.
2, 947
What are the prime factors of 55568?
2, 23, 151
What are the prime factors of 1171?
1171
What are the prime factors of 13993?
7, 1999
List the prime factors of 30634.
2, 17, 53
List the prime factors of 168.
2, 3, 7
List the prime factors of 175669.
13, 13513
List the prime factors of 32553.
3, 3617
List the prime factors of 6207.
3, 2069
What are the prime factors of 25650?
2, 3, 5, 19
What are the prime factors of 81172?
2, 7, 13, 223
What are the prime factors of 5471?
5471
What are the prime factors of 55630?
2, 5, 5563
List the prime factors of 17480.
2, 5, 19, 23
What are the prime factors of 1542?
2, 3, 257
What are the prime factors of 216?
2, 3
What are the prime factors of 786?
2, 3, 131
What are the prime factors of 996?
2, 3, 83
What are the prime factors of 24438?
2, 3, 4073
What are the prime factors of 905?
5, 181
What are the prime factors of 658?
2, 7, 47
What are the prime factors of 21941?
37, 593
What are the prime factors of 32601?
3, 10867
What are the prime factors of 827?
827
What are the prime factors of 535?
5, 107
What are the prime factors of 8585?
5, 17, 101
List the prime factors of 682.
2, 11, 31
What are the prime factors of 693?
3, 7, 11
List the prime factors of 28747.
17, 19, 89
What are the prime factors of 32559?
3, 10853
List the prime factors of 5143.
37, 139
List the prime factors of 4426.
2, 2213
List the prime factors of 54595.
5, 61, 179
What are the prime factors of 70386?
2, 3, 11731
What are the prime factors of 2065?
5, 7, 59
What are the prime factors of 12451?
12451
What are the prime factors of 42099?
3, 14033
List the prime factors of 77249.
77249
List the prime factors of 65676.
2, 3, 13, 421
List the prime factors of 1053.
3, 13
What are the prime factors of 31280?
2, 5, 17, 23
What are the prime factors of 9381?
3, 53, 59
List the prime factors of 12362.
2, 7, 883
What are the prime factors of 10429?
10429
List the prime factors of 2213.
2213
What are the prime factors of 16243?
37, 439
What are the prime factors of 583?
11, 53
What are the prime factors of 888?
2, 3, 37
List the prime factors of 10934.
2, 7, 11, 71
List the prime factors of 2982.
2, 3, 7, 71
List the prime factors of 71429.
71429
List the prime factors of 6729.
3, 2243
What are the prime factors of 32875?
5, 263
What are the prime factors of 1135?
5, 227
List the prime factors